t common factor of 477624 and 120.
24
Calculate the greatest common factor of 34 and 24411354.
34
What is the highest common factor of 36 and 241725294?
18
What is the greatest common divisor of 1810804906 and 344?
86
What is the greatest common factor of 115489077 and 6369?
6369
Calculate the greatest common factor of 3426 and 1404954636.
3426
Calculate the highest common factor of 45167 and 376.
47
What is the greatest common divisor of 306 and 2105982?
18
Calculate the greatest common divisor of 395032603 and 3149.
3149
Calculate the highest common factor of 300 and 81612.
12
What is the highest common divisor of 1758119 and 554?
277
Calculate the greatest common factor of 445 and 22816841.
89
Calculate the greatest common factor of 81926 and 55003856.
6302
What is the highest common divisor of 68479 and 46624?
1457
Calculate the highest common factor of 85002 and 2349894.
2742
What is the greatest common divisor of 473720 and 108680?
520
What is the greatest common factor of 290151 and 72?
9
What is the highest common factor of 3168 and 1994?
2
What is the greatest common factor of 1343 and 4991319?
17
Calculate the greatest common divisor of 1266 and 9804115.
211
What is the greatest common divisor of 2541294 and 1420794?
4482
Calculate the highest common divisor of 10020 and 186360.
60
Calculate the highest common factor of 19354375 and 8055.
895
Calculate the highest common factor of 15581778 and 25854.
186
Calculate the greatest common factor of 550700100 and 1800.
900
What is the greatest common divisor of 180117 and 945?
189
Calculate the highest common divisor of 6285274 and 19362.
922
Calculate the highest common divisor of 24520416 and 192.
96
Calculate the greatest common factor of 314 and 202576001.
157
What is the highest common divisor of 132632178 and 6832?
854
Calculate the highest common divisor of 5437734 and 24.
6
Calculate the highest common divisor of 450 and 1182762.
18
Calculate the greatest common factor of 5718 and 10604031.
2859
What is the greatest common factor of 187125748 and 232?
116
Calculate the greatest common divisor of 313932 and 1116.
12
What is the greatest common divisor of 3432 and 697548?
12
Calculate the greatest common factor of 160 and 8895990.
10
Calculate the greatest common divisor of 12199978 and 7238.
658
What is the highest common divisor of 378320607 and 2439?
2439
What is the greatest common factor of 4854576 and 240?
48
What is the highest common factor of 57746992 and 3904?
976
What is the highest common factor of 6685321 and 57?
19
What is the greatest common divisor of 5032 and 642736?
136
What is the greatest common divisor of 95201405 and 65?
65
What is the greatest common factor of 2182035 and 387?
129
Calculate the greatest common factor of 5424323280 and 395.
395
Calculate the highest common divisor of 1130703 and 8211.
483
Calculate the highest common factor of 520 and 29885180.
260
Calculate the highest common divisor of 34364045 and 3070.
1535
What is the highest common factor of 27 and 1344242736?
27
What is the greatest common factor of 226119 and 43605?
57
Calculate the highest common divisor of 223443 and 15828219.
6039
What is the greatest common factor of 37924560 and 1440?
720
What is the highest common divisor of 787578201 and 54?
27
What is the highest common divisor of 2779 and 85104096?
2779
What is the greatest common divisor of 6161434 and 1862?
38
Calculate the greatest common divisor of 508130 and 2039230.
610
Calculate the greatest common divisor of 46461 and 37995.
51
What is the greatest common divisor of 68 and 1641739028?
68
Calculate the greatest common factor of 7147 and 18248333.
1021
What is the greatest common divisor of 6603 and 361945646?
2201
Calculate the highest common divisor of 131 and 1404803259.
131
What is the greatest common divisor of 948 and 3126324?
12
Calculate the highest common factor of 244 and 45991316.
244
What is the greatest common divisor of 112 and 549?
1
What is the highest common factor of 46320656 and 4176?
464
Calculate the greatest common factor of 919838 and 930646.
386
Calculate the greatest common divisor of 687357 and 25021.
131
What is the greatest common divisor of 1432 and 20609702?
358
What is the highest common divisor of 2808 and 11693877?
39
What is the highest common divisor of 22281 and 5268?
3
Calculate the greatest common factor of 116104 and 1116870.
1262
Calculate the highest common divisor of 3930 and 83760.
30
Calculate the highest common divisor of 350007 and 32907.
21
Calculate the highest common factor of 18316146 and 6.
6
Calculate the greatest common divisor of 1122 and 2286966.
66
What is the greatest common factor of 1188 and 15034464?
108
Calculate the greatest common divisor of 261334850 and 525.
175
What is the highest common factor of 4856 and 30608582?
1214
What is the highest common divisor of 163830 and 198882?
762
What is the highest common factor of 10581261 and 372?
93
What is the highest common factor of 117957 and 704298?
861
Calculate the greatest common divisor of 456 and 992892.
12
Calculate the greatest common divisor of 1205 and 23721871.
241
What is the highest common divisor of 14900 and 25753309?
149
What is the highest common factor of 39894 and 3430666?
218
Calculate the greatest common divisor of 1125 and 865035.
45
Calculate the highest common divisor of 18343 and 155051.
13
What is the highest common divisor of 2667 and 43186731?
2667
Calculate the greatest common divisor of 24523788 and 4152.
2076
Calculate the greatest common factor of 395076 and 1168365.
2409
Calculate the highest common divisor of 5570 and 1350.
10
What is the greatest common factor of 1926 and 1566?
18
Calculate the greatest common divisor of 24035 and 26015.
55
What is the greatest common divisor of 359437762 and 2606?
2606
Calculate the highest common divisor of 49141730 and 510.
170
What is the greatest common factor of 2564829 and 14433?
849
What is the highest common divisor of 18340 and 197036?
28
Calculate the greatest common factor of 247631350 and 2550.
850
What is the greatest common divisor of 5676 and 6546234?
258
What is the highest common divisor of 60 and 96527655?
15
Calculate the greatest common factor of 146700099 and 441.
63
Calculate the highest common factor of 19601 and 16733489.
1153
Calculate the greatest common divisor of 5620 and 59479832.
1124
Calculate the greatest common factor of 19440 and 6060960.
2160
What is the greatest common divisor of 843 and 81956741?
281
What is the highest common factor of 2522 and 2779088?
26
What is the highest common divisor of 58249195 and 10165?
535
What is the greatest common divisor of 352169 and 155293?
83
Calculate the greatest common factor of 197939381 and 4658.
2329
What is the highest common factor of 50450 and 8050?
50
Calculate the greatest common divisor of 32973 and 46284.
87
What is the greatest common divisor of 3584 and 1395128?
56
Calculate the greatest common factor of 8799573 and 1343.
79
Calculate the highest common factor of 366507208 and 2372.
2372
Calculate the highest common factor of 659 and 55553041.
659
Calculate the highest common factor of 126764 and 88924.
1892
What is the greatest common divisor of 11730 and 25002288?
138
What is the highest common factor of 5 and 28310564?
1
What is the highest common divisor of 3317112 and 3240?
648
What is the highest common factor of 2421 and 103581?
9
What is the greatest common divisor of 809982 and 1125?
9
Calculate the highest common divisor of 520109 and 7030.
37
What is the greatest common divisor of 58890 and 5150912?
3926
Calculate the highest common factor of 3 and 40244577.
3
Calculate the greatest common factor of 1542 and 5951349.
771
Calculate the greatest common factor of 1014238530 and 2295.
2295
What is the highest common factor of 4983 and 594627?
33
Calculate the highest common divisor of 130607 and 6500440.
997
What is the greatest common divisor of 7136 and 5228480?
32
Calculate the greatest common divisor of 41 and 9152266.
41
Calculate the highest common factor of 640500 and 66450.
150
What is the highest common divisor of 1012571712 and 432?
432
Calculate the greatest common factor of 5534 and 245026151.
2767
Calculate the highest common factor of 